
Is 260683410 a multiple of 65?
True
Does 5 divide 831681?
False
Is 37 a factor of 83808167?
False
Does 1056 divide 816467551?
False
Is 12 a factor of 18072041?
False
Does 171 divide 69717904?
False
Is 20 a factor of 21601520?
True
Does 104 divide 15080104?
True
Does 26 divide 78279578?
True
Is 4410 a factor of 451857420?
True
Is 1146872940 a multiple of 4351?
False
Is 878067242 a multiple of 32?
False
Is 114459371 a multiple of 4?
False
Is 38 a factor of 112791258?
True
Is 17468714 a multiple of 23?
False
Is 168 a factor of 1052439774?
False
Is 19276075 a multiple of 375?
False
Is 71 a factor of 1739304821?
True
Does 8 divide 21717184?
True
Does 521 divide 17791804?
False
Is 743 a factor of 105638189?
False
Does 4 divide 521018?
False
Does 94 divide 99467832?
False
Is 67964410 a multiple of 10?
True
Does 34 divide 18637474?
True
Is 18004896 a multiple of 5?
False
Does 28 divide 32068372?
True
Is 5 a factor of 11286540?
True
Is 2304 a factor of 713739717?
False
Is 7 a factor of 15767080?
True
Is 23133082 a multiple of 367?
False
Is 1066527662 a multiple of 1739?
False
Is 384827542 a multiple of 42?
False
Is 36 a factor of 1392688545?
False
Is 18193978 a multiple of 39?
False
Is 988914630 a multiple of 4984?
False
Is 8042694 a multiple of 66?
True
Does 1874 divide 45830544?
True
Is 84977075 a multiple of 2095?
False
Does 1931 divide 996117936?
True
Does 841 divide 99237397?
False
Is 364186549 a multiple of 173?
False
Is 318 a factor of 64937190?
True
Is 312100593 a multiple of 57?
True
Is 8962336 a multiple of 32?
True
Does 18 divide 11484810?
True
Is 14 a factor of 495957?
False
Is 2086498960 a multiple of 182?
True
Does 19 divide 5757932117?
False
Is 928565290 a multiple of 10?
True
Does 31 divide 50638903?
True
Is 356579118 a multiple of 54?
True
Does 120 divide 45495936?
False
Does 50 divide 4714611?
False
Is 123 a factor of 957282475?
False
Is 433 a factor of 91199326?
True
Is 24 a factor of 181319686?
False
Does 125 divide 8882405?
False
Is 43188672 a multiple of 304?
True
Is 436054214 a multiple of 53?
True
Is 39065946 a multiple of 1153?
True
Is 850 a factor of 105630350?
True
Is 5 a factor of 31367745?
True
Is 17 a factor of 12800293?
False
Is 40 a factor of 143716667?
False
Is 885 a factor of 1167805290?
True
Does 5740 divide 1291319592?
False
Is 46 a factor of 4998682?
True
Is 10 a factor of 857084556?
False
Does 458 divide 17223063?
False
Is 2331 a factor of 409393530?
True
Is 83407245 a multiple of 1055?
True
Is 77 a factor of 10866054?
False
Is 12893868 a multiple of 18?
True
Is 29074409 a multiple of 280?
False
Does 243 divide 21586905?
True
Does 279 divide 39746340?
True
Is 93 a factor of 9249780?
True
Is 211 a factor of 37951446?
False
Does 46 divide 7392691270?
False
Is 71 a factor of 159720760?
False
Is 378 a factor of 1400845998?
False
Is 23 a factor of 22751876?
True
Does 7 divide 55116327?
True
Is 11498927 a multiple of 671?
True
Is 3894 a factor of 425103532?
False
Is 27285390 a multiple of 33?
True
Is 1732 a factor of 8198165?
False
Does 12 divide 18391356?
True
Is 133155117 a multiple of 1321?
False
Is 140 a factor of 12241880?
True
Does 138 divide 417140934?
False
Is 80935800 a multiple of 15?
True
Does 2875 divide 160012341?
False
Does 366 divide 15101526?
True
Is 17323150 a multiple of 50?
True
Is 1094 a factor of 32934450?
False
Is 594436983 a multiple of 179?
True
Is 24496388 a multiple of 106?
True
Does 8196 divide 136228505?
False
Is 757924246 a multiple of 163?
True
Does 2 divide 67869415?
False
Is 58594657 a multiple of 2?
False
Does 3 divide 767988?
True
Is 50 a factor of 1180350?
True
Is 74 a factor of 131325918?
False
Does 1161 divide 457663878?
True
Is 58474520 a multiple of 3236?
True
Does 78 divide 18654948?
True
Does 4526 divide 1325307846?
True
Is 4 a factor of 21285040?
True
Is 12430880 a multiple of 616?
True
Is 48 a factor of 3863178?
False
Does 84 divide 27635160?
True
Is 101746843 a multiple of 121?
True
Is 39307530 a multiple of 22?
False
Is 871 a factor of 306764458?
True
Does 444 divide 104532179?
False
Does 699 divide 22105875?
True
Is 72819296 a multiple of 88?
True
Is 392179478 a multiple of 100?
False
Does 6 divide 534368308?
False
Is 199527639 a multiple of 148?
False
Is 83 a factor of 15327484?
False
Does 510 divide 304396050?
True
Is 1337 a factor of 36847587?
False
Is 90 a factor of 85727430?
True
Does 38 divide 7594835?
False
Is 84 a factor of 33754056?
True
Does 1931 divide 1038049601?
True
Is 3 a factor of 165750401?
False
Is 1489996074 a multiple of 21?
True
Is 51 a factor of 168800157?
True
Is 10 a factor of 797052980?
True
Is 12000129 a multiple of 2?
False
Does 10 divide 422982440?
True
Does 8 divide 15948888?
True
Does 9 divide 33114910?
False
Is 28 a factor of 211549382?
False
Does 19 divide 23774386?
False
Is 27979704 a multiple of 113?
True
Is 2529736 a multiple of 152?
True
Is 31 a factor of 85527367?
False
Is 24855517 a multiple of 247?
False
Does 14 divide 565887154?
True
Is 312295671 a multiple of 63?
False
Is 76 a factor of 3453364?
True
Is 98983412 a multiple of 2?
True
Does 346 divide 632951345?
False
Is 20 a factor of 190123995?
False
Does 674 divide 556303984?
False
Is 93181464 a multiple of 435?
False
Is 30926789 a multiple of 348?
False
Does 1767 divide 632601903?
True
Is 337 a factor of 41741788?
False
Is 8881493 a multiple of 54?
False
Is 153 a factor of 38663217?
False
Is 497 a factor of 856799671?
True
Is 2019 a factor of 131077807?
False
Does 64 divide 653469?
False
Does 3250 divide 1302684500?
True
Does 28 divide 72377275?
False
Is 6663072 a multiple of 57?
True
Does 4 divide 379778555?
False
Is 493137924 a multiple of 444?
True
Is 81122470 a multiple of 3?
False
Is 16 a factor of 136613825?
False
Is 64274020 a multiple of 89?
True
Is 37483320 a multiple of 56?
True
Does 4061 divide 1644117591?
False
Does 55 divide 2035103?
False
Is 95272529 a multiple of 5?
False
Does 112 divide 150959973?
False
Does 158 divide 216670561?
False
Does 10 divide 5893901210?
True
Is 55 a factor of 97166410?
True
Does 57 divide 1628200?
False
Is 19 a factor of 215461041?
False
Is 150547992 a multiple of 1540?
False
Does 99 divide 332371512?
True
Does 1808 divide 593573545?
False
Does 653 divide 8706449?
True
Does 566 divide 4728703?
False
Is 58050516 a multiple of 129?
True
Does 1206 divide 1921159206?
True
Does 15 divide 29942141?
False
Is 87 a factor of 288893152?
False
Is 9 a factor of 3007773?
True
Is 797034330 a multiple of 7701?
False
Is 53641667 a multiple of 28?
False
Does 5020 divide 1793169100?
True
Is 64662745 a multiple of 16?
False
Is 89 a factor of 1335176034?
False
Does 53 divide 1123988066?
True
Is 209150937 a multiple of 3197?
True
Does 12 divide 15193306?
False
Does 1115 divide 1936755?
True
Does 144 divide 1080919712?
False
Does 690 divide 18457500?
True
Is 10961036 a multiple of 486?
False
Is 131921224 a multiple of 311?
True
Is 197297643 a multiple of 699?
True
Is 41253348 a multiple of 1982?
True
Does 208 divide 1084304832?
True
Is 461 a factor of 64001552?
True
Is 3442378940 a multiple of 140?
True
Is 4 a factor of 25142355?
False
Is 2365 a factor of 81630340?
True
Does 20 divide 20732100?
True
Is 327118725 a multiple of 3160?
False
Is 13714584 a multiple of 13?
True
Is 1102 a factor of 221984568?
False
Is 248 a factor of 614513496?
True
Does 904 divide 91800763?
False
Is 1953 a factor of 28355792?
False
Is 4089158802 a multiple of 35?
False
Is 3951 a factor of 251266864?
False
Does 3 divide 3861812?
False
Is 5 a factor of 7727815?
True
Does 412 divide 63970004?
True
Does 27 divide 8757340?
False
Is 6904190370 a multiple of 29?
True
Is 326267616 a multiple of 24?
True
Does 34 divide 2083979612?
True
Is 91606872 a multiple of 14?
True
Does 122 divide 18552418?
True
Is 8208487 a multiple of 41?
True
Is 98241504 a multiple of 32?
True
Is 7010072 a multiple of 252?
False
Is 349 a factor of 85201021?
True
Does 731 divide 109349112?
False
Is 2592 a factor of 349592340?
False
Is 330928329 a multiple of 35?
False
Is 11351816 a multiple of 3572?
True
Does 462 divide 446836498?
False
Does 50 divide 6496550?
True
Is 23 a factor of 4490056949?
False
Is 146723192 a multiple of 44?
True
Does 84 divide 309329534?
False
Is 1174 a factor of 17039436?
True
Is 3168357489 